
In base 2, what is 1111 + 1001010011000?
1001010100111
In base 6, what is 30 + -11140?
-11110
In base 13, what is -495c6 + -2?
-495c8
In base 10, what is -40000 - 14?
-40014
In base 3, what is 111 + -211211210020?
-211211202202
In base 15, what is -c - -69b?
68e
In base 8, what is -2732 - 2313?
-5245
In base 13, what is 68 + -1c68?
-1c00
In base 15, what is -5 - d90a1?
-d90a6
In base 7, what is -1345110 + -10?
-1345120
In base 9, what is 5 + 216?
222
In base 16, what is -4 - -8ec1?
8ebd
In base 9, what is -1672 - -4?
-1667
In base 4, what is -303 + -303030?
-303333
In base 4, what is 201 - -200?
1001
In base 14, what is -21082b - -2?
-210829
In base 14, what is -daa - 80?
-104a
In base 13, what is 29c + 1ba?
489
In base 5, what is 4313013 + 3?
4313021
In base 3, what is -201010 - 22012102?
-22220112
In base 15, what is -1113 - -1b3?
-e50
In base 10, what is -1407 + 144?
-1263
In base 3, what is 1 - 100100221021?
-100100221020
In base 2, what is -11101000010111011111 - 101?
-11101000010111100100
In base 6, what is -3 + -132340?
-132343
In base 3, what is 1 + 122200122201?
122200122202
In base 10, what is 43 + 1726?
1769
In base 8, what is 5 + 10101?
10106
In base 11, what is 1981 + -9?
1973
In base 13, what is 15520a + -4?
155206
In base 5, what is 1432031 + 4?
1432040
In base 3, what is 210002 + 12101012?
20011021
In base 11, what is 0 - -87564?
87564
In base 14, what is 3 - 4cad8?
-4cad5
In base 3, what is 1210011 + 1110122?
10020210
In base 11, what is 2 + 125751?
125753
In base 13, what is -59acb + b?
-59ac0
In base 2, what is 0 + -10111100110011111?
-10111100110011111
In base 5, what is 403 + 0?
403
In base 4, what is -2321 + -231?
-3212
In base 3, what is 111210111 + 22?
111210210
In base 5, what is 4243303 + 34?
4243342
In base 16, what is c + -181?
-175
In base 15, what is 29 + 2451d?
24547
In base 11, what is -2141 - -75?
-2077
In base 15, what is 1e3d2e + 5?
1e3d34
In base 12, what is 4 - -4440?
4444
In base 15, what is 8d4 + -2d2?
602
In base 3, what is -11 + -211210101011?
-211210101022
In base 14, what is -85261 - 2?
-85263
In base 2, what is -1 + 1000011110001010?
1000011110001001
In base 9, what is 5 - 547445?
-547440
In base 11, what is -16 - -54077?
54061
In base 6, what is -4021133 + -4?
-4021141
In base 4, what is 22211 + 31011?
113222
In base 10, what is -13 + -1929?
-1942
In base 3, what is 1121121 + -2120?
1112001
In base 11, what is 32a1 - -6?
32a7
In base 2, what is 110 - -1100000000001110?
1100000000010100
In base 16, what is -28 + 1d7?
1af
In base 13, what is 1b862 - 1?
1b861
In base 16, what is 2f2d63 - 0?
2f2d63
In base 5, what is -21 + 114002?
113431
In base 4, what is 100302 + -20?
100222
In base 9, what is -32722 + -5?
-32727
In base 14, what is 27a5 - -131?
28d6
In base 2, what is -11111111 - -11011001?
-100110
In base 9, what is 658 + -466?
182
In base 2, what is -10001000 - -10010110011?
10000101011
In base 2, what is -1100011111001110001 - -10?
-1100011111001101111
In base 9, what is -160 + 174?
14
In base 2, what is 100101 - -10100110?
11001011
In base 9, what is -25 + 13613?
13577
In base 14, what is -719ab - 4?
-719b1
In base 4, what is -20203133233 - -1?
-20203133232
In base 15, what is -16e4 + 60?
-1684
In base 4, what is 10 - 120322333?
-120322323
In base 7, what is -3461224 + -4?
-3461231
In base 12, what is 4b664b + -5?
4b6646
In base 4, what is -312202 - 302?
-313110
In base 9, what is -452 + -310?
-762
In base 4, what is 1001 - -1323130?
1330131
In base 9, what is -50557 - -3?
-50554
In base 13, what is -1278 + -18?
-1293
In base 7, what is -2 - -50600?
50565
In base 7, what is -16 - 155132?
-155151
In base 11, what is 415 - 42?
383
In base 16, what is f71 - -4b?
fbc
In base 14, what is -4 + 1098b?
10987
In base 5, what is 4012122 + -1?
4012121
In base 11, what is -228621 + 4?
-228618
In base 4, what is 1 + 10030210?
10030211
In base 4, what is -30 + 3000231?
3000201
In base 11, what is 62 - -121?
183
In base 4, what is 23 + -31112?
-31023
In base 3, what is -2100120 + 1100000?
-1000120
In base 11, what is -1a2 + -3417?
-3609
In base 14, what is 1 - 10886?
-10885
In base 5, what is -21331413 - 0?
-21331413
In base 6, what is -105 + 301?
152
In base 16, what is e082d + 4?
e0831
In base 4, what is 200322 - 10?
200312
In base 10, what is 313 - -9?
322
In base 16, what is 660 + 1e9?
849
In base 15, what is 6133 + 5?
6138
In base 16, what is -2d + -e66?
-e93
In base 15, what is 7 - -d613?
d61a
In base 2, what is 11111 - -10000?
101111
In base 2, what is -1010110110 + -10000100111?
-11011011101
In base 11, what is -48826 + a?
-48817
In base 3, what is 11 + -112211222?
-112211211
In base 6, what is 14 + -421?
-403
In base 7, what is -5 + -32442?
-32450
In base 12, what is -b - 376a?
-3779
In base 14, what is 28 - 3408?
-33c0
In base 9, what is 71 + 3074?
3155
In base 2, what is 101010100100101000 - 100?
101010100100100100
In base 2, what is -101101110001001010001 + 11?
-101101110001001001110
In base 12, what is 26 + 70b?
735
In base 13, what is 137 - 143b?
-1304
In base 15, what is 9 + -10da?
-10d1
In base 12, what is aa + -3397?
-32a9
In base 6, what is 20411340 - 2?
20411334
In base 5, what is 10012 - -301?
10313
In base 2, what is -100 - 1011001010100?
-1011001011000
In base 13, what is 4 - 1a31b?
-1a317
In base 7, what is -1030506 + -3?
-1030512
In base 4, what is -11 - -212233022?
212233011
In base 7, what is 5 + 13555?
13563
In base 5, what is -12 - 13212044?
-13212111
In base 10, what is 7 - 150112?
-150105
In base 3, what is 112202221 + -11?
112202210
In base 2, what is 1111 - 110010101110?
-110010011111
In base 13, what is -13306 - 0?
-13306
In base 7, what is 122020 - 10?
122010
In base 10, what is 57 + 120?
177
In base 7, what is 212 + -63?
116
In base 6, what is -3 - -400403?
400400
In base 8, what is 2 - 2353374?
-2353372
In base 7, what is -41225 - 12?
-41240
In base 4, what is 20032321 + -32?
20032223
In base 5, what is 21021040 + -10?
21021030
In base 7, what is -25 - -140243?
140215
In base 3, what is -10022 + -202112?
-212211
In base 4, what is -10 + -1233300210?
-1233300220
In base 11, what is 1569a + 4?
156a3
In base 12, what is bb + a0?
19b
In base 6, what is 2 + 112450?
112452
In base 16, what is -78 - 2cf?
-347
In base 2, what is 1000000010111000 - -11?
1000000010111011
In base 8, what is -3 - -14070?
14065
In base 8, what is -135214 - -3?
-135211
In base 9, what is 3 + -144361?
-144357
In base 7, what is -263 + -15623?
-16216
In base 2, what is -100100111000 + 100001?
-100100010111
In base 14, what is -3 - -799?
796
In base 10, what is -68 + 191?
123
In base 13, what is 582 + -48?
537
In base 6, what is -142 + 52254?
52112
In base 12, what is -3 - -27639?
27636
In base 11, what is 107891 - -4?
107895
In base 15, what is 7 - -1843?
184a
In base 10, what is 10478 + 0?
10478
In base 14, what is 3 + -3bc60?
-3bc5b
In base 15, what is 7c + -c292?
-c215
In base 13, what is -2965 - -10?
-2955
In base 12, what is 259 - 3871?
-3614
In base 8, what is 11 + -41140?
-41127
In base 14, what is bc9 + bd?
ca8
In base 5, what is -24 + -21023034?
-21023113
In base 13, what is 4ac1 - 12?
4aac
In base 12, what is 46 + -8816?
-8790
In base 8, what is 315272 + -15?
315255
In base 16, what is 51 + -26ce?
-267d
In base 11, what is 1a - 11aa?
-1190
In base 14, what is 4 - 154a4?
-154a0
In base 11, what is -10a444 + 2?
-10a442
In base 13, what is -36 + 20456?
20420
In base 5, what is -2421322113 - 1?
-2421322114
In base 3, what is -1012022 - -201?
-1011121
In base 9, what is 63268 - -5?
63274
In base 14, what is 76c1 - 1?
76c0
In base 3, what is 10011101121 + -11?
10011101110
In base 5, what is 13 - 224222?
-224204
In base 10, what is -35 - -15387?
15352
In base 11, what is -2 + -2422?
-2424
In base 6, what is 21 + 320340?
320401
In base 7, what is 3 - -3105116?
3105122
In base 16, what is -16d6db - -3?
-16d6d8
In base 7, what is 120 + 15324?
15444
In base 11, what is -5 + -880aa?
-88104
In base 9, what is 56412 - -4?
56416
In base 10, what is -3408 + 25?
-3383
In base 15, what is -6cb - -2a?
-6a1
In base 6, what is 2222 - 400?
1422
In base 15, what is -68 + -3a51?
-3ab9
In base 13, what is -959 - 29?
-985
In base 12, what is 4 - 14b6b?
-14b67
In base 7, what is 53 + -40644?
-40561
In base 3, what is -